) = -2*k**2 - 275*k - 5429. Suppose 0 = 2*h - 3*h + 31. What is the remainder when h is divided by l(-24)?
12
Suppose 12*n - 9*n = -5*o + 140, -6*n - 5*o + 245 = 0. Calculate the remainder when n is divided by (-3)/((-3)/7) + 1.
3
Let j(p) = -7*p**2 - 9*p - 10*p**2 + 20*p**2 + 3. What is the remainder when j(7) is divided by (-5 + 4 - -56)*10/25?
21
What is the remainder when 298 is divided by (-20 + (-861)/(-42))/((-1)/(-290))?
8
Suppose -27 = -2*d + 5*r, -4*d - 4*r + 76 = 8. Let w(f) = 39*f + 11. What is the remainder when w(5) is divided by d?
14
Let i = 4153 - 4091. Calculate the remainder when 1485 is divided by i.
59
Let c = -2018 + 2071. Calculate the remainder when 86 is divided by c.
33
Let f be (-5 + 4 - -11) + 22/(-2). Let h be (14/5)/(2/(-20)). Calculate the remainder when 11 is divided by h/(-2)*f/(-2).
4
Let f(p) = p**3 - 11*p**2 - 7*p + 38. Let h be f(15). Let y = h - 732. What is the remainder when y is divided by 31?
8
Suppose -807 + 921 = 6*a. Suppose -a*f + 39 = -18*f. What is the remainder when 104 is divided by f?
26
Suppose -17422 = -87*w + 25*w. Calculate the remainder when 874 is divided by w.
31
Let s = -281 - -339. Let b(t) = -t + 16. What is the remainder when s is divided by b(4)?
10
Suppose -3*o = -24*g + 23*g - 3, 0 = -g - 3*o + 21. Suppose -12*s - 5*s + 459 = 0. Calculate the remainder when s is divided by g.
0
Suppose 15*x - 99 = 12*x. Calculate the remainder when 239/2 - 200/80 is divided by x.
18
Let v = -63 + 68. Suppose 0 = v*c + k - 1904, 0 = 4*c + k + 2*k - 1521. Let t = c + -265. Calculate the remainder when t is divided by 39.
38
Let p(k) = 2*k**2 - 32*k - 765. Calculate the remainder when p(-15) is divided by 28.
25
Suppose -2*d + 857 = -3*f, 3*f - 2195 = -241*d + 236*d. What is the remainder when d is divided by 8?
4
Suppose 0 = 4*p - 2*l - 2137 + 485, -423 = -p + 3*l. Let w = -113 + p. Calculate the remainder when w is divided by 23.
22
Let t = -43060 + 43253. What is the remainder when t is divided by 158?
35
Let i(t) = -t**3 - 79*t**2 - 14*t - 382. What is the remainder when i(-79) is divided by 251?
222
Suppose c - 10*c + 14*c - 925 = 0. Calculate the remainder when c is divided by 173.
12
Calculate the remainder when 625 is divided by 4*(11060/16)/35.
72
Suppose 0 = 272*f - 108*f - 5412. What is the remainder when 2043 is divided by f?
30
Let z = -1 - -3. Suppose -6*t = -t + z*h - 150, -2*t + 79 = -3*h. Let l = 11723 + -11631. Calculate the remainder when l is divided by t.
28
Let x(m) = -2*m**3 - 20*m**2 - 40*m - 3. Let o = 6 - -3. Calculate the remainder when x(-8) is divided by o.
7
Suppose -1408 = -4*b - 46*f + 41*f, -4*f = -3*b + 1087. Let x = b - 218. What is the remainder when x is divided by 5?
4
Suppose 0 = -5*z + 16 - 1. Suppose 3*p + 2*j - j = 28, p + z*j = 12. What is the remainder when 167 is divided by p?
5
Let r(h) = h**3 + 29*h**2 - 11*h + 26. Calculate the remainder when r(-7) is divided by 91.
89
Let i be (-6)/(-12)*((3136 - 2) + -2). Suppose -14*s + 2396 = -i. Calculate the remainder when s is divided by 74.
61
Let a(h) = -h**3 - 6*h**2 + 3. Let u be a(-7). Suppose 0 = u*n - 56*n + 80. What is the remainder when 219 is divided by n?
19
Let z(c) = -13*c**2 - 6*c + 7. Let a be z(4). Let b = -211 - a. What is the remainder when 24 is divided by b?
10
Let h(f) = f - 4*f + 2*f + 3. Let n(b) = 25*b - 166. What is the remainder when n(7) is divided by h(0)?
0
Let z = -156 + 192. Let v(d) = -10*d - 122. What is the remainder when z is divided by v(-13)?
4
Calculate the remainder when 519 is divided by 3*2/(-1) - (-48 + 19 - 37).
39
Suppose -2*a + 374 = -3*n - 0*n, -4*a - 5*n = -770. Suppose 9*h - a - 44 = 0. Let c = 126 + -75. What is the remainder when c is divided by h?
25
Let x(c) = -134*c + 3530. What is the remainder when x(9) is divided by 15?
14
Let h = 300 + -310. Calculate the remainder when ((-15)/h - 0)*(-230)/(-3) is divided by 41.
33
Suppose 2*b + 3127 = 7*k - 0*b, -5*b = k - 415. What is the remainder when k is divided by 7?
4
Suppose -2*i + 260*y = 261*y - 26, -i + y + 25 = 0. What is the remainder when 6493 is divided by i?
16
Let g(o) = -46*o - 59. Let q be g(-5). Suppose 5*j + 3*x - 156 = 0, 0 = -5*j + 3*x - x + q. What is the remainder when 42 is divided by j?
9
Let u be 7/3 + (-13)/39. Suppose u*m - 2*n - 14 = -5*n, -2*n = 2*m - 12. Calculate the remainder when 133 is divided by m.
1
Let x(s) = -s**3 + 13*s**2 + 32*s - 10. Calculate the remainder when 492 is divided by x(14).
8
Let t(p) = -4*p - 223. Let i(d) be the third derivative of -d**6/15 - d**4/24 + 2*d**2. What is the remainder when i(-1) is divided by t(-57)?
4
Let b(q) = 0*q + 109 - 72 - 8*q + q**2. Let k be 8 - 9/((-9)/(-2)). What is the remainder when 92 is divided by b(k)?
17
Suppose o = 1, 5*t - o + 218 = 2312. Calculate the remainder when 531 is divided by t.
112
Let i = -86 + 100. Calculate the remainder when 39 is divided by ((-4)/(-10))/(i/490).
11
Suppose 21 = 2*k - 23. Let v be (100 + 1)/(16 + -15). Suppose 133 = 3*z - v. Calculate the remainder when z is divided by k.
12
Suppose 4*c + 22*c - 212 + 5 = -43*c. Suppose -4*n - 42 = -6*n. What is the remainder when n is divided by c?
0
Suppose 0 = -2*n + 23 + 71. What is the remainder when n is divided by 54/(-9) + 15 + 1?
7
Suppose -27*z + 1842 = -1020. What is the remainder when z is divided by 101?
5
Let v = -904 + 918. Let x(o) = 10*o - 4. Calculate the remainder when x(7) is divided by v.
10
Let l(w) = -17*w**3 - 32*w**2 - 137*w + 17. Calculate the remainder when l(-4) is divided by 35.
21
Suppose -2*o = -o - 130. Let z = -68127 + 68149. What is the remainder when o is divided by z?
20
Suppose 5*t = -4*o + 706, -2*t - 5 = -9. What is the remainder when 6783 is divided by o?
171
Let n(c) = -25*c - 3385. Calculate the remainder when 4118 is divided by n(-137).
38
Let m = -492 - -508. Let g be ((-3)/9)/(1/(-3)). Let l = g - -6. What is the remainder when m is divided by l?
2
Suppose 0*a - 660 = -14*a - a. Calculate the remainder when 158 is divided by a.
26
Suppose -558*l + 5863 = -517*l. Calculate the remainder when 547 is divided by l.
118
Let g(j) = 4*j**2 - 4*j + 18. Let c(x) = 4*x + 56. Let p be c(-13). What is the remainder when g(p) is divided by 17?
15
Let a(y) = -y**3 + 7*y**2 + 11*y + 4. Let c be a(8). Suppose -2 = z + c. What is the remainder when 14 is divided by 1/(z/(-25) - 1)?
4
Calculate the remainder when 743 is divided by 335 + (-3)/(-2 + (-204)/(-120)).
53
Let t(d) = -d**3 - 3*d**2 - 7*d - 6. Let m = -94 - -92. Let v be t(m). Calculate the remainder when 87 is divided by (v + -4*12)/(-2).
21
Suppose -3*w + 5*t + 1 = -8, 5*t = -4*w + 47. Suppose w*v - 696 = 1856. Calculate the remainder when v is divided by 62.
9
Let d = -7581 + 7634. Calculate the remainder when 126 is divided by d.
20
Let w = -3081 + 3162. Calculate the remainder when w is divided by 41.
40
Suppose -24544 = -166*o - 70*o. Suppose -56 = -3*u + 3*g + 28, 5*u - 137 = 2*g. What is the remainder when o is divided by u?
23
Let y(b) = b**2 + 39*b + 26. Let x be y(-16). Let t = x + 374. What is the remainder when 152 is divided by t?
24
What is the remainder when ((-55330)/440)/(1/(-4)) is divided by 9?
8
Let l = 95 - 14. Calculate the remainder when l is divided by (-275 + 9)/(-7) + -14.
9
Suppose 3*h = -4*u + 27, 0 = -5*u + 8*u + 9. Suppose h*x - 391 = 597. What is the remainder when x is divided by 13?
11
Let u(m) = 3*m**2 + 81*m - 190. Calculate the remainder when u(-39) is divided by 9.
8
Let q(y) = -y**3 - 7*y**2 + y - 22. Calculate the remainder when 454 is divided by q(-9).
61
Let u(g) = g**3 + 30*g**2 - 29*g + 67. Let m be u(-31). Suppose o - 5 = -x + 6, -m*x + 3*o = -47. Calculate the remainder when 16 is divided by x.
6
Suppose -h + 76 = 5*k, 4*h - 28 + 9 = -k. Let c = 29 - -15. Calculate the remainder when (5/(-5))/((-1)/c) is divided by k.
14
Calculate the remainder when 132/22*240/8 is divided by 30.
0
Let g(p) = 16*p**2 - p + 1. Calculate the remainder when 381/11 - 12/(-33) is divided by g(-1).
17
Suppose 0 = -81*f + 149*f - 79*f + 15521. What is the remainder when f is divided by 29?
19
Let l be (-2 - (-4)/4) + (-6 - -7). Suppose -3*n - 8*x + 335 = -3*x, 3*n - 4*x - 326 = l. What is the remainder when n is divided by 40?
30
Let z(y) = -y**2 + 34*y +